Let d = a - t. Is d prime?
False
Suppose 11*y - 174 = -1659. Let n(o) = o**3 - 6*o**2 - o - 8. Let p be n(7). Let u = p - y. Is u a composite number?
True
Let f = -56 - -95. Suppose 3*n - f = -5*c, 4*n - n = -3*c + 33. Suppose -n*j + 76 = -44. Is j prime?
False
Let x = -2025 - 25571. Let i = -11935 - x. Is i prime?
True
Let i(s) = 1107*s**2 - 377*s + 29. Is i(-13) a prime number?
True
Let z be 22/14 - 1 - 5428916/238. Let r = -8423 - z. Is r prime?
True
Let x be (0 + 2)/(12/(-24)). Let j = -16 + 13. Is ((-6)/x)/((36/(-2920))/j) a prime number?
False
Suppose 0 = -i + 3*r + 1053455 - 41609, 9*i - 9106489 = 2*r. Is i prime?
False
Let o = 26994 + -11741. Is o a prime number?
False
Let p be ((-1619)/3 + -9)*9/6. Let i = p - -2556. Is i a prime number?
True
Suppose -n + 3*y = -0*n - 9, 0 = n + 5*y - 1. Let v be 14/n + -2*7/42. Suppose -8*h = -v*h - 8166. Is h a prime number?
True
Let r(j) = 22*j**3 + 3*j**2 - 2*j + 1. Let y be r(1). Suppose -y*d = -7*d - 53329. Is d a prime number?
True
Let k = 160 - 37. Let q = -349 + k. Let v = q - -605. Is v a prime number?
True
Suppose -776*p + 460883 = -757*p. Is p prime?
False
Let z(a) = 1522*a**3 + a**2 + 3*a - 3. Suppose 2*o + 2*y + y = 1, 0 = -y - 1. Suppose 10 = -5*i, 8 + o = 4*m - 3*i. Is z(m) composite?
False
Suppose 4*r - 204248 = 4*n, -33*r - n + 153174 = -30*r. Is r a prime number?
True
Let n be 3/(-4) + 961/124. Suppose -4228 = -g + 5*r, -21074 = 2*g - n*g + 3*r. Is g a prime number?
False
Let v(j) = 2338*j**3 - 35*j**2 - 24*j + 35. Is v(6) prime?
False
Suppose -6*i + 1175 = 1085. Is (-63287 - 8)*(-3)/i prime?
True
Let g(c) = -c**2 - 6*c + 43. Let l be g(-10). Suppose -l*x - 6877 = -y - 5*x, -6889 = -y + 2*x. Is y prime?
True
Suppose -2*k + 163340 = 4*p, -6*k + p = -3*k - 245038. Is k/30 + (-12)/(-30) a prime number?
False
Let w be 1/(8/(-5040))*(-6)/(-4). Let n = 1879 + w. Is n composite?
True
Let l(v) = -11*v - 107. Let n be l(-10). Suppose -3*q + q + 2*d + 8804 = 0, d = n*q - 13196. Is q composite?
False
Is (22/55*-395273)/((-2)/5) composite?
False
Suppose 4*b + 11 = 4*s + s, -b + 3*s = 8. Let p be -1 + 195 + (-2)/b. Let m = 287 + p. Is m a prime number?
True
Let r(t) = 262*t**2 - 9*t**2 + 9*t**2 - 26 + 46*t**2 - t. Is r(5) a composite number?
False
Suppose 1368*t = 1351*t + 5602367. Is t prime?
True
Let s = 327426 - 162110. Suppose 12*i - 2240 - s = 0. Is i a composite number?
False
Is ((-10)/(-100)*-5)/(2/(-352844)) composite?
False
Suppose -42*g + 535 + 347 = 0. Is 43107/g + 8/28 prime?
True
Suppose 13*f = 14*f - 2758. Suppose -r + f - 739 = 0. Is r composite?
True
Let b(a) be the first derivative of 33*a**4/2 + a**3 - 3*a**2 - 3*a + 25. Let l be b(4). Suppose -5*x - 400 = -l. Is x prime?
True
Suppose -2*q = 14491 - 89457. Is q a composite number?
False
Let n = 554114 + -181851. Is n prime?
True
Suppose -14 - 102 = 4*g. Let w = -30 - g. Is -3*1471*w/3 composite?
False
Suppose -1851967 = 3369*q - 3382*q. Is q composite?
True
Let a = 132 - 128. Suppose 3*c - a*i + 9*i = 16466, -3*c - i = -16486. Is c a composite number?
True
Suppose -3*c - 361 = y, c - 5*c + 4*y - 476 = 0. Is c + 124 + (1 - -18888) a prime number?
False
Let l(n) = -3*n + 20. Let h be l(5). Is (h/15 - (1 - 1))*8598 a composite number?
True
Let k be (6/3)/(8/(-52)). Let j(l) = l**3 + 14*l**2 + 13*l + 4. Let z be j(k). Suppose -2*h + x = -253, z*h + h - 5*x = 630. Is h a composite number?
False
Suppose -3*k - 133896 = -15*k. Suppose -12*a + k = -10*a. Is a a prime number?
False
Suppose 0 = -112*b + 1839051 + 1838021. Is b a composite number?
False
Suppose 0 = 35*j - 29*j - 259908. Suppose -4*u = 4*y - 34656, 5*u = -2*y - y + j. Is u prime?
True
Let x(f) = -27*f**2 - 13*f - 7. Let w be x(-12). Let d = -1958 - w. Is d a composite number?
True
Suppose 3*l - 556073 = 2*o, 3*l + 8*o - 556065 = 14*o. Is l prime?
True
Let x(r) = -11*r**3 - 3*r**2 + 2*r + 11. Suppose -2*t - 3*l + 13 = 0, 4*t + 28 = 9*t + 3*l. Let j be x(t). Is j/(-2)*(0 + 4) + 3 a prime number?
True
Suppose 148*y - 132*y = 0. Let n be 125/3 - (-1)/3. Suppose 2*p - 2*o = n, y = o + 2. Is p prime?
True
Let a be 10*(6/(-4))/1. Let m(j) = 47*j**2 + 11*j - 5. Let q(n) = -12*n**2 - 2*n + 1. Let x(p) = 6*m(p) + 23*q(p). Is x(a) a composite number?
True
Let p(x) = -1329*x + 3 - 654*x - 208*x + 282*x. Is p(-2) a prime number?
True
Suppose 3*i = -3*i - 5*i. Suppose i = 2*t - 8851 - 6363. Is t a composite number?
False
Is 27/(-90)*(4 - 2) + 1941416/10 a composite number?
False
Let z = 73 - 109. Let f be 21*2/(-4)*24/z. Suppose 1483 = f*k - 3634. Is k a composite number?
True
Let z(d) = d**3 - 8*d**2 + 13*d - 42. Let m be z(7). Suppose -3*x - 2*x + n + 19909 = m, 4 = -n. Is x composite?
True
Let v(s) = s**2 - 9*s - 73. Let r be v(15). Suppose -8973 = -r*f + 92704. Is f composite?
False
Suppose -72 = 9*b - 0*b. Let u be 3 + 4909/(-4) - 2/b. Let c = u + 3415. Is c a composite number?
True
Is (-25)/(-125) + (-9139248)/(-60) composite?
True
Suppose -5*x + 482794 - 8799 = 0. Is x a prime number?
False
Let p be 4/(-14) - -1*(-64)/(-28). Suppose 5*r = 20, p*r - 53 = -f - 4*f. Let b(l) = 32*l + 13. Is b(f) prime?
False
Let g(t) = -t**3 - 20*t**2 - 39*t - 31. Let p(z) = -z**2 + 20*z + 26. Let i be p(22). Is g(i) a composite number?
False
Suppose -7*b + 9914 = -10477. Is b composite?
True
Let l = 1476404 - -290659. Is l prime?
False
Let q be (-2753 + -4)*(-5)/(10/(-2)). Is q/(-2)*2/3 a composite number?
False
Suppose 36*i - 468 = 30*i. Let l be 2/(-5) + i/(-30). Is 1779 + 3/(-9) + (-7)/l prime?
False
Let q(l) = -3*l + 27. Let c(x) = x**2 - 11*x - 5. Let m be c(12). Let p be q(m). Is 1419/6 + p/(-4) a composite number?
True
Let y(a) be the first derivative of a**4/2 - 4*a**3/3 - 21*a**2/2 - 19*a - 9. Is y(10) composite?
True
Let n(i) = 52928*i + 19. Is n(3) a composite number?
False
Let o be 0 + 47 - (-11 + 15). Let q = -48 + o. Is (7/(-2))/(q/2330) composite?
True
Suppose 4*r + 7 - 11 = 0. Let q be 1/r - (-5 + -5 + 9). Suppose q*y + 2*l - 428 = 0, -2*y - l + 44 = -381. Is y a prime number?
True
Let j = -43 + 43. Suppose j = -7*z + 2*z + 510. Let s = -49 + z. Is s prime?
True
Let f = 76831 + 37648. Is f composite?
False
Let w be (-144)/(-14) - 2/7. Suppose -w*g = g - 4180. Is g/3*3 + 2 a composite number?
True
Suppose 97*j + 7568594 = 155*j. Is j prime?
False
Let f(k) = 2168*k**2 - 102*k - 1141. Is f(-10) prime?
True
Let u(f) = 608*f**3 - f**2 - f + 3. Let t(i) = 20*i - 178. Let s be t(9). Is u(s) prime?
True
Suppose 0 = 5*y - 3*g - 4453535, 0 = -3*y - 440*g + 444*g + 2672121. Is y a composite number?
False
Suppose -3*n - 21189 = -300678. Is n prime?
False
Let m(t) = -t**3 - 7*t**2 - 11*t - 8. Let s be m(-4). Let d = s + 14. Is -2 - 2*(-5437)/d a prime number?
False
Suppose -4*b = 5*k + 24136, 5*b + 37255 = -k + 7106. Let f = 11306 + b. Is f composite?
True
Let j = 41433 + -28607. Let c = -7478 + j. Suppose 28*k - 24*k = c. Is k prime?
False
Let l = -202384 - -364767. Is l/26 - (-3)/2 prime?
True
Let b(s) = -44*s + 11. Let o be b(-16). Suppose 0 = m + d - 3*d - o, 5*d - 10 = 0. Is m composite?
False
Is (-1)/((-1*2/6)/((-8843)/(-3))) prime?
False
Let u = 312 + -313. Is (-36591*10/90)/(u/3) a composite number?
False
Suppose 7*n + 46*n = 8*n + 1982385. Is n prime?
True
Let l be (-2 - 1/(-1)) + (-2)/(-2). Let x(r) = -r**3 + r**2 - 2*r. Let p be x(l). Suppose -10*y + 361 + 429 = p. Is y a composite number?
False
Let l = 2095 + -3896. Let n = l - -10944. Is n composite?
True
Let z(r) = 34*r**2 - 9 + 21 + 45 + 4*r + 15*r**2. Is z(-5) prime?
False
Is (1 - -7)*(-4)/(-128)*476636 composite?
False
Let r = -5361 + 17566. Is r a composite number?
True
Suppose 13*q - 16*q = -4*d + 1670057, -d + 5*q + 417544 = 0. Is d a prime number?
True
Let x = 76 + -70. Suppose 29905 = 11*o - x*o. Is o composite?
False
Let r(y) = -y**3 + 9*y**2 + 76*y - 262. Is r(-50) a composite number?
True
Let n(f) be the third derivative of 11*f**6/30 + 3*f**4/8 - 23*f**3/6 - f**2 + 12*f. Is n(2) a composite number?
False
Let h(o) = 5075*o**2 - 180*o - 3. Is h(4) a prime number?
False
Let y = -59 - -70. Suppose -y*k - 364169 = -1214315. Is (-3)/(-7) - k/(-231) composite?
True
Let v = 72 + -69. Suppose 4*c + 5*m - 570 = 0, -v*c + 8*m = 3*m - 445. Is c a composite number?
True
Suppose -11 = 3*s - 4*p + 12, 0 = 2*s + 4*p - 18. Let g be